 = u**3 - 74*u**2 - 85*u + 1087. Calculate f(75).
337
Let w(x) = 20647*x + 226981. What is w(-11)?
-136
Let h(x) = -x**2 + 2419*x + 53695. Calculate h(-22).
-7
Let t(o) = -o**3 - 88*o**2 - 246*o - 1458. What is t(-86)?
4906
Let i(t) = -5*t**3 + 38*t**2 - 69*t - 108. Calculate i(-1).
4
Let y(p) = 7322*p - 7387905. Give y(1009).
-7
Let a(b) = 2*b**2 - 87*b + 325. Give a(35).
-270
Let h(q) = 26*q**2 + 21037*q - 148517. Calculate h(7).
16
Let n(y) = -23*y + 4264. What is n(67)?
2723
Let h(w) = 358693*w + 6097777. What is h(-17)?
-4
Let r(y) = -442*y + 782. Determine r(4).
-986
Let o(s) = -s**3 - 52*s**2 - 13*s + 1943. Determine o(-51).
5
Let w(i) = -64*i**2 + 1796*i - 11040. Calculate w(19).
-20
Let c(k) = 2*k**2 - 185*k - 873. What is c(97)?
0
Let t(h) = 60*h + 8430. Determine t(-140).
30
Let t(z) = 7*z**3 + 3*z**2 - 253*z + 645. Determine t(3).
102
Let r(v) = 2*v**3 - 469*v**2 + 7596*v - 164. Calculate r(217).
53
Let y(c) = 3*c**2 + 1068*c - 39775. Calculate y(34).
5
Let t(y) = -60058*y - 3122988. What is t(-52)?
28
Let a(u) = u**3 + 64*u**2 + 141*u + 1179. What is a(-62)?
125
Let o(s) = -s**3 + 152*s**2 + 235*s - 37518. Give o(152).
-1798
Let c(i) = 2*i**3 - 455*i**2 + 25788*i - 102. Calculate c(107).
5
Let p(r) = 5*r + 276. Determine p(-10).
226
Let o(h) = -94*h**2 - 1245*h + 6481. Give o(4).
-3
Let z(j) = -1941*j**2 + 242632*j - 896. What is z(125)?
-21
Let j(z) = -91*z**2 - 631*z - 1081. Give j(-3).
-7
Let t(u) = 148039*u - 12435271. Give t(84).
5
Let b(z) = 1286*z - 152952. Determine b(119).
82
Let a(j) = 3*j**2 + 172*j - 120. Calculate a(-59).
175
Let u(x) = -2*x**3 - 2301*x**2 + 5827*x + 2731392. Determine u(-1152).
0
Let i(f) = f**2 - 494*f - 2009. Calculate i(-4).
-17
Let x(k) = -31*k**2 - 364*k + 575. Give x(2).
-277
Let u(g) = 5*g**2 - 22*g - 5205. Give u(-34).
1323
Let a(n) = n**3 - 97*n**2 - 953*n - 253. What is a(106)?
-147
Let s(y) = -y**3 - 2*y**2 + 736*y - 734. Give s(1).
-1
Let w(z) = -2*z**3 - 251*z**2 + 310*z - 8942. What is w(-127)?
75
Let y(c) = c**3 - 88*c**2 + 102*c - 1347. What is y(87)?
-42
Let k(r) = r**3 - 19*r**2 - 325*r - 83. Calculate k(30).
67
Let d(r) = 11434*r - 3407331. Determine d(298).
1
Let z(v) = v**3 - 47*v**2 + 544*v + 333. Calculate z(26).
281
Let q(o) = -35086*o + 13332666. Calculate q(380).
-14
Let y(t) = -t**3 + 80*t**2 - 42931*t + 3434490. What is y(80)?
10
Let g(w) = 2*w**3 + 65*w**2 + 56*w - 90. Determine g(-31).
1057
Let c(z) = 11*z**2 + 2503*z - 777. Give c(-228).
363
Let z(g) = -g**2 - 296*g + 4419. Give z(14).
79
Let n(c) = -c**3 + 169*c**2 - 3225*c - 1301. What is n(147)?
22
Let d(t) = 21613*t + 821719. Calculate d(-38).
425
Let r(q) = q**3 + 30*q**2 - 11400*q - 372968. Determine r(-33).
-35
Let z(t) = 6*t**2 - 335*t - 1538. Calculate z(60).
-38
Let b(a) = 335*a - 11070. What is b(27)?
-2025
Let f(d) = -14*d**2 + 3002*d - 1302. Give f(214).
-18
Let z(c) = c**3 - 682*c**2 + 537*c + 98070. Calculate z(681).
6
Let i(j) = 20*j**3 - 2*j**2 + 192*j - 776. Calculate i(4).
1240
Let c(u) = 11013*u**2 - 143145*u - 318. What is c(13)?
-6
Let c(u) = 25*u**2 + 1839*u - 10749. Give c(-79).
-5
Let i(l) = -l**3 - 11*l**2 + 1204*l + 710. What is i(30)?
-70
Let n(u) = -4496*u - 2616667. Determine n(-582).
5
Let l(p) = 4*p**2 + 13749*p + 41197. Determine l(-3).
-14
Let u(f) = f**3 - 19*f**2 - 313*f + 160. Determine u(-11).
-27
Let u(a) = 3*a**2 - 537*a + 15126. Calculate u(35).
6
Let n(v) = 76960*v + 5079352. Determine n(-66).
-8
Let j(h) = 2*h**3 + 19*h**2 - 175*h - 41. Calculate j(-15).
109
Let g(l) = -2*l**3 + 32*l**2 + 53*l - 828. Calculate g(16).
20
Let p(u) = 11112*u - 22225. Determine p(2).
-1
Let u(c) = -c**2 + 354*c - 20844. Give u(279).
81
Let j(y) = 14185*y + 50881. What is j(-4)?
-5859
Let s(k) = -2764*k + 621921. What is s(225)?
21
Let c(y) = -y**3 - 29*y**2 + 231*y - 13. Give c(6).
113
Let q(t) = -16610*t + 99720. Give q(6).
60
Let y(o) = -1917*o - 16820. Give y(-9).
433
Let f(i) = -953220*i - 11438640. Determine f(-12).
0
Let t(b) = 12196*b - 3634420. Determine t(298).
-12
Let c(u) = -u**3 - 102*u**2 - 1537*u + 3328. Give c(-83).
8
Let s(w) = 107*w**3 - 10*w**2 + 21. Give s(2).
837
Let o(n) = 2*n**3 - 263*n**2 + 1844*n + 1989. What is o(124)?
5
Let o(r) = 3478*r - 97163. Give o(28).
221
Let z(a) = -a**3 - 12*a**2 + 540*a - 17. Determine z(-31).
1502
Let n(w) = -966*w - 3731. What is n(-4)?
133
Let v(j) = -j**3 + 24*j**2 + 378*j - 97. Calculate v(34).
1195
Let n(o) = -o**3 + 15*o**2 - o + 64. Determine n(7).
449
Let q(v) = 2*v**3 + 41*v**2 + 99*v + 331. Determine q(-18).
169
Let g(y) = -5*y**2 + 1107*y - 28418. What is g(30)?
292
Let n(v) = -3*v**3 - 224*v**2 + 78*v + 124. Give n(-75).
-101
Let i(k) = 3*k**3 + 23*k**2 - 71*k - 8. Determine i(-10).
2
Let v(m) = -225*m + 4094. Determine v(20).
-406
Let t(h) = 3774*h + 6371. Determine t(-2).
-1177
Let w(a) = a**3 + 30*a**2 + 14404*a + 447498. Determine w(-31).
13
Let d(q) = -q**3 - 673*q**2 - 12421*q + 3300. What is d(-654)?
30
Let p(a) = 6*a**2 + 260*a - 83095. Calculate p(98).
9
Let s(n) = -2*n**3 - 8*n**2 + 185*n + 1150. Calculate s(-6).
184
Let k(r) = -r**3 - 105*r**2 - 186*r + 2797. Calculate k(-103).
737
Let k(w) = -552*w - 2651. Determine k(-8).
1765
Let n(v) = 63*v**2 - 4440*v + 2259. What is n(70)?
159
Let o(a) = -638*a - 24460. What is o(-39)?
422
Let d(l) = 24*l**3 + 1777*l**2 + 70*l - 281. Give d(-74).
15
Let r(c) = 2*c**2 - 578*c + 25074. What is r(236)?
58
Let c(y) = 4*y**3 - 26*y**2 + 41*y + 95. Calculate c(4).
99
Let h(t) = 536*t + 32568. Determine h(-62).
-664
Let z(u) = u**2 - 171*u + 3580. Give z(26).
-190
Let j(k) = k**3 + 49*k**2 - 4365*k - 238. What is j(46)?
-8
Let u(x) = 46*x - 823. What is u(21)?
143
Let j(d) = 26765*d - 695845. Calculate j(26).
45
Let z(a) = 41*a**2 - 3*a + 68. Give z(4).
712
Let a(i) = 15*i**2 + 205072*i - 410143. Give a(2).
61
Let o(m) = -3336*m + 53542. Calculate o(16).
166
Let u(a) = -439*a + 77145. Calculate u(176).
-119
Let g(h) = 69120*h - 414701. Calculate g(6).
19
Let k(z) = z**2 - 97*z - 894. Determine k(-9).
60
Let p(c) = -36534*c + 365338. Calculate p(10).
-2
Let o(d) = -773*d**2 - 12398*d + 13. Determine o(-16).
493
Let a(w) = -167*w**2 + 1490*w + 1491. Determine a(-1).
-166
Let y(w) = -303*w + 65178. Determine y(218).
-876
Let d(m) = 326*m**3 + 442*m**2 + 443*m - 1. Calculate d(-1).
-328
Let k(p) = 48*p**3 + p**2 + 138*p + 426. Calculate k(-3).
-1275
Let d(n) = -119*n - 18818. Give d(-157).
-135
Let d(n) = -n**2 - 358*n + 18990. Determine d(47).
-45
Let x(f) = 5*f**3 + 224*f**2 - 622*f - 25964. Determine x(-45).
1
Let b(p) = -9871*p - 50635. Calculate b(-5).
-1280
Let u(s) = -17*s**2 - 263*s + 2939. Determine u(-23).
-5
Let o(l) = 5*l**3 - 57*l**2 + 15*l + 132. Determine o(12).
744
Let q(f) = -4738*f - 554378. Determine q(-117).
-32
Let l(g) = 19*g**3 + 111*g**2 + 38*g + 320. Give l(-6).
-16
Let q(o) = -18894*o - 132263. Determine q(-7).
-5
Let b(t) = -461*t**2 - 778*t + 280. Calculate b(-2).
-8
Let y(d) = -d**2 - 46*d + 3000. Calculate y(34).
280
Let z(r) = 103088*r + 10102624. Give z(-98).
0
Let f(m) = 1233*m - 1055442. Determine f(856).
6
Let q(t) = 654*t - 151611. What is q(232)?
117
Let n(s) = 358*s + 40451. Determine n(-113).
-3
Let w(h) = -h**3 + 178*h**2 - 2312*h + 2864. Determine w(164).
240
Let b(z) = -18431*z**2 - 442330*z + 311. Give b(-24).
-25
Let j(t) = 23874*t + 95357. Determine j(-4).
-139
Let u(n) = -7*n**2 + 417*n + 6153. What is u(73)?
-709
Let l(g) = -6*g**2 - 1082*g - 6587. Give l(-174).
25
Let o(p) = 14943*p + 29822. Give o(-2).
-64
Let o(k) = 3*k**3 - 150*k**2 - 321*k - 34. What is o(-2)?
-16
Let f(i) = -228*i + 12898. What is f(38)?
4234
Let t(u) = -356*u - 4508. Determine t(-13).
120
Let z(s) = 2*s**3 + 655*s**2 - 983*s + 1010. Determine z(-329).
-306
Let o(c) = -4*c**2 - 1238*c - 5930. Give o(-302).
3130
Let o(v) = v**2 + 26552*v - 239079. Determine o(9).
-30
Let g(d) = 8*d**3 - 23*d**2 - 8*d + 1. What is g(3)?
-14
Let v(f) = 2368*f - 40158. Give v(17).
98
Let f(l) = 597*l + 4105. Calculate f(-6).
523
Let h(x) = 42692*x + 1622322. What is h(-38)?
26
Let i(q) = -147*q**2 - 17044*q + 60. Give i(-116).
-868
Let i(f) = 230*f**2 + 230448*f - 12018. What is i(-1002)?
6
Let t(i) = 2*i**3 - 53*i**2 + 148*i + 326. Calculate t(23).
27
Let y(i) = i**3 + 449*i**2 + 16360*i - 